+ u = 3*t. What are the prime factors of t?
7
Suppose -o = -5*f + 16, -f = -o - 4*f. What are the prime factors of 16/6 - (-4)/o?
2
Suppose -4*b = u - 30, b + 3*u - 13 = -0*b. List the prime factors of b.
7
Let w = 3 - 0. Suppose w*b - 3*n - 5 = -n, -5*n + 50 = 5*b. List the prime factors of b.
5
Let y be 52/12 + (-2)/(-3). Let b(p) = 2*p**2 - 5*p - 7. Let j be b(y). Suppose -4*s + 36 = 4*o, 4*o - 60 = 2*s - j. List the prime factors of o.
2, 5
Let v = -54 + 87. What are the prime factors of v?
3, 11
Suppose 2*n = -3*n - 30. Let c = n + 9. Suppose 0*v = -v - 3, 17 = 2*w - c*v. What are the prime factors of w?
2
Suppose -5*j = -2*d + 4, -10 = -5*j - 0*d - 5*d. Suppose -4*v - v + 65 = j. What are the prime factors of v?
13
Let i(g) = -4*g - 8. Let u be i(-6). Suppose t + 0*z - u = 5*z, -113 = -3*t + 2*z. List the prime factors of t.
41
Let u(f) = -3*f**3 - 5*f**2 - 1. Let q be u(-4). Suppose -5*g + q = 31. What are the prime factors of g?
2
Let b = -8 - -42. List the prime factors of b.
2, 17
Let z = 293 - 186. List the prime factors of z.
107
Let k be 0*((-6)/4)/(-3). Suppose -6*s = -11*s + 10. Let o = s + k. List the prime factors of o.
2
Let f = 14 - -90. What are the prime factors of f?
2, 13
Let f(p) = 34*p**3 + 3*p**2 - 5*p + 1. What are the prime factors of f(2)?
5, 11
Let d = -2 - 4. Let z(s) = -s**2 - 10*s - 9. Let r be z(d). Suppose 0 = 3*k - 18 - r. What are the prime factors of k?
11
Let v(o) = o**2 + 4*o - 1. Let i be v(-3). Let f(q) = 5 - 5*q + 0 + 3*q. List the prime factors of f(i).
13
Let h = -212 + 436. What are the prime factors of h?
2, 7
Let l(n) = 13*n + 4. Let k be l(4). List the prime factors of k/5 + (-3)/15.
11
Suppose 3*w - k + 1 = 0, 5*k = -2*w - 0*k + 22. Suppose -2*d + 24 + 0 = 4*n, -5*d = -3*n - 47. Let f = w + d. List the prime factors of f.
11
Let u = -65 - -213. What are the prime factors of u?
2, 37
Let d(a) = a**3 - a**2 + a - 4. Let j be d(0). Let n = j - -6. Suppose -3*v - 2*u = n*u - 10, 18 = 2*v - 3*u. What are the prime factors of v?
2, 3
Suppose h - 8 = -3*h. Suppose h*g - 15 = 15. What are the prime factors of g?
3, 5
Suppose -5*u + 560 = -4*c, 4*u + 3*c - 155 - 262 = 0. What are the prime factors of u?
2, 3
Let g be -6*(3 - 4) - -1. Let y = g - -2. List the prime factors of y.
3
Let n = -348 + 503. What are the prime factors of n?
5, 31
Let a(s) = -s - 2. Let q = -2 + 4. Suppose -i + 5*h - 1 = 1, -16 = q*i + 2*h. What are the prime factors of a(i)?
5
Let f be ((-2)/(-4))/((-2)/(-8)). Suppose 42 = f*n + 4*h, 20 = 2*h + 2*h. List the prime factors of n.
11
Let q(x) = -9*x - 54. What are the prime factors of q(-18)?
2, 3
Let q be -21*(2 + 39/(-9)). Let y = -19 + q. List the prime factors of y.
2, 3, 5
Let x be -1*6 - (-4 + 1). Let n = 15 + x. List the prime factors of n.
2, 3
Let n = 18 + -6. Suppose -4*y - 21 = -117. Let h = y - n. List the prime factors of h.
2, 3
Let z = 5 + 1. Let w(x) = x**2 - 6*x + 2. Let m be w(z). Let d(b) = 2*b**3 - 2*b**2 + 2. List the prime factors of d(m).
2, 5
Let f = -71 - -135. What are the prime factors of f?
2
Let b = -8 + 12. Suppose 0 = c - 3 - b. List the prime factors of c.
7
What are the prime factors of ((-60)/48)/(1/(-8))?
2, 5
Suppose 4*c - c + 1 = z, -c = 3*z + 27. Suppose -1 = a - 6. What are the prime factors of (z/a)/(-4)*25?
2, 5
Suppose 0 = 4*k - k - 78. List the prime factors of k.
2, 13
Suppose 0 = -53*s + 59*s - 408. List the prime factors of s.
2, 17
Suppose 5*a - 76 = 199. Suppose 3*p - 57 = 3*u, -3*p = -0*p - u - a. What are the prime factors of p?
2, 3
Let z(q) = 2*q + 9. Suppose -5*i = -i - 28. List the prime factors of z(i).
23
Suppose -4*a - 4*f = -180, 4*a - 2*f = -0*f + 192. List the prime factors of a.
47
Let v(r) = -r**2 - 5*r + 11. Let h be v(-6). Suppose 24 + 21 = h*s. List the prime factors of s.
3
Suppose 29 = -b + 79. Suppose -14 = 3*i - b. List the prime factors of i.
2, 3
Let z(p) = -p - 11. Let l be z(-9). Let a(o) = o**2 - o - 1. What are the prime factors of a(l)?
5
Suppose -3*w + 177 = -3. List the prime factors of w.
2, 3, 5
Let o be (-6)/(-4) + (-10)/(-4). Let p = 74 + -19. Suppose o*v - p = -v. List the prime factors of v.
11
Suppose 5*z + 770 = 3*r, 0 = 6*r - r + 3*z - 1238. What are the prime factors of r?
2, 5
Let g(a) = 81*a**2 - 2*a - 1. What are the prime factors of g(-1)?
2, 41
Let d(f) = -f + 3. Let u be d(0). Suppose -2*w - 1 = 5*p - 13, -2 = -u*p + 4*w. List the prime factors of p.
2
Let a be (-15)/25 + 146/10. Suppose m = 2 + a. List the prime factors of m/2 - (5 - 3).
2, 3
List the prime factors of ((-2)/4)/((-14)/4844).
173
Let o = 108 + 28. Suppose 4*j - 2*l - 90 = 58, 4*j + l = o. What are the prime factors of j?
5, 7
Let z be -2 + 2 + (-1 - -1). Suppose 5*t - 16 - 4 = z. List the prime factors of t.
2
Let t be (-6)/5*10/(-4). Suppose -2*r - 6 = -2*p, -3*r - 5*p + 6 = -25. Suppose -a - t*u + 27 = 2*a, r*u = 0. What are the prime factors of a?
3
Let o(u) = -u**2 - 8*u + 3. Suppose j - 4*n + 6 = 3, -3*j + 5*n = 16. Let y be o(j). Suppose 2*q + 0 - y = 0. List the prime factors of q.
5
Let c = 4 - -11. Suppose -3*g - c = -8*g. Suppose -f - 28 = -g*b, -5*f + 3 = -7. What are the prime factors of b?
2, 5
Suppose -4*i = 2*j - 36 - 8, 2*j - 3*i - 30 = 0. Suppose -j = -2*t + 4*b - 0*b, 4*t - 5*b - 51 = 0. List the prime factors of t.
19
Let h(k) = k**2 + 2*k - 3. Let a be h(2). Let d(q) = 8*q + 18. Let j(p) = -3*p - 6. Let m(w) = -6*d(w) - 17*j(w). List the prime factors of m(a).
3
Let g = 6 - -2. List the prime factors of g.
2
Let v(f) be the first derivative of -f**3/3 - 3*f**2 - 2*f + 1. Let l be v(-5). Suppose 3*d + g = 17, l*g - 27 = -d - 2*d. What are the prime factors of d?
2
Suppose 15 = 2*b - 19. What are the prime factors of b?
17
Let x(a) = -a - 1. Let s be x(-8). Suppose -s*q + 44 = -6*q. List the prime factors of q.
2, 11
Let t be 30/12*(-8)/(-5). Suppose o + 4*y - 2 = 8, t*o = -2*y + 12. What are the prime factors of o?
2
Let c(b) = b + 7. Let u be c(-5). Suppose 0 = u*h - 4*z - 6, -15 = h - 6*h - 3*z. List the prime factors of -3 - ((-60)/h + 0).
17
Let s = -4 - 3. Let d = 10 + s. Suppose 0 = -4*x + 25 + d. List the prime factors of x.
7
Let w = 25 - 53. Let j = w - -49. What are the prime factors of j?
3, 7
What are the prime factors of 32/(-10)*40/(-4)?
2
Suppose -5*s - 3*y = 44, -s + 2*y - 12 = 2. Let n = -1 - s. What are the prime factors of n?
3
Suppose -5*v - 2*n + 485 = -235, -5*v + 4*n = -720. List the prime factors of v.
2, 3
Let p(s) be the first derivative of -s**2/2 + 9*s - 2. List the prime factors of p(7).
2
Let u(a) = a**3 - 3*a**2 - 2*a - 2. Let h be u(3). Let l = h + 8. Suppose 0 = 5*z - 60 - l. List the prime factors of z.
2, 3
Let b(j) = j**3 - 3*j**2 + 4*j - 3. What are the prime factors of b(3)?
3
Suppose -4 - 2 = -3*y. Suppose q - y*h = -0*h + 5, -3*h + 25 = 5*q. List the prime factors of q.
5
Suppose -p - 3 = -2*p. Suppose -2*b - 3 = -i + 5, p*i - b = 49. What are the prime factors of i?
2, 3
Let g = 4 - 1. Suppose p + r - 4 = 11, -g*p - 4*r = -47. Let x = 24 - p. What are the prime factors of x?
11
Let i be 2 - 2 - (-3 + -1). Suppose n = -i*c + 27, -5*n - c + 113 = -3*c. List the prime factors of n.
23
Let y be (-107)/5 - (-16)/40. Let p = 40 + y. List the prime factors of p.
19
Let g = 16 - 16. Suppose g = 3*v - b - 20, -4*v + 32 = 3*b + b. List the prime factors of v.
7
List the prime factors of 2 + 3 - -257 - 5.
257
Suppose m - r = 13, 3*r - 7 = -5*m + 26. What are the prime factors of m?
3
Let c(n) = -n - 13. Let x be c(-17). Let h be -2 + -1 + 5 + 4. Suppose -3 = -a + 4*v + h, 4*a - x*v = 36. List the prime factors of a.
3
Let k be 309/21 + (-2)/(-7). Suppose -4*b = -9 - 11, -3*b + k = 2*x. Suppose 5*m = -2*a + 98, -5*m + 4*a - 3*a + 86 = x. List the prime factors of m.
2, 3
Let g(y) = y + 1. Let m be g(2). Suppose -1 = 2*t - m*t. What are the prime factors of t/((-39)/(-12) - 3)?
2
What are the prime factors of 922/6*(2 + 2 + -1)?
461
Let a(z) = z + 6. Let m be a(-3). Suppose 0*p + 160 = 4*c + 4*p, -3*c = 2*p - 122. Suppose 32 = -0*t + 2*t - m*d, -c = -3*t + 3*d. List the prime factors of t.
2, 5
Let i = -3 + 10. Let n = 28 + i. What are the prime factors of n?
5, 7
Let l = -260 - -143. List the prime factors of l/(-7) + 2/7.
17
Let g(t) = -t**3 + 6*t**2 + t - 1. Let p = -6 